*2 - 10*m - 17. Let a be j(9). Let g = a - -950. Suppose -5*f - 3*f = -g. What is the tens digit of f?
7
Suppose -10*m + 14*m = -3*b + 55969, 2*b + 10 = 0. What is the units digit of m?
6
What is the units digit of (-207)/(19/((-172805)/51))?
5
Let t(z) = -z**2 - 8*z + 38. Let a be t(-11). Suppose 3*k + 4*g + 0*g = 1301, -g + a = 0. What is the tens digit of k?
2
Let f(s) = -79*s**3 + 35*s**2 + 17*s - 12. What is the tens digit of f(-5)?
5
Let u(d) = 2*d**2 - 51*d - 1932. What is the thousands digit of u(-98)?
2
What is the ten thousands digit of ((-9)/(9/(-10)))/(52/145990)?
2
Let y = 130 + 74. Suppose 2*j - 1509 = -5*d, -2*j = -d + 105 + y. What is the hundreds digit of d?
3
Let v(h) be the first derivative of 2*h**3 - 29*h**2/2 + 38*h - 10. What is the tens digit of v(15)?
5
Let m(z) be the first derivative of -1/2*z**2 + 20*z - 7. What is the units digit of m(0)?
0
Suppose -224 = 12*h - 44*h. Let z = 11 + -4. Suppose -f + h = -z. What is the units digit of f?
4
Suppose -4*d = -0*d. Suppose 3 = -2*l - 3*j, 5*l + 2*j + j - 6 = d. Suppose 2 = s + 3*h, l*s = 2*h - h + 46. What is the tens digit of s?
1
Suppose -4*z + 97*i - 99*i = -140498, i = 3*z - 105361. What is the tens digit of z?
2
Let q = -623 + -367. Let g = 1538 + q. What is the hundreds digit of g?
5
Let u(o) = o**3 + 72*o**2 - 281*o - 735. What is the thousands digit of u(-54)?
6
Let x = -779 - -1267. Let h be (-2)/(-6) + -1 + x/(-24). Let g = h - -52. What is the units digit of g?
1
Suppose 12*h + 1058 = -274. What is the tens digit of (-59)/(-3) + (-37)/h?
2
Let m(y) = -3*y**3 + 19*y**2 + 406*y + 90. What is the thousands digit of m(-14)?
6
Suppose 126161 = 24*u - 1086279 + 38240. What is the units digit of u?
5
Let c(h) = 14*h + 6*h**2 + 1381 + h - 1383. What is the tens digit of c(-5)?
7
Let m = 13314 + -4841. What is the hundreds digit of m?
4
Suppose -2*b - 17*b = 12866 - 64850. What is the hundreds digit of b?
7
Let x be (1/((-15)/6))/((-27)/135). Let z(j) = -587*j + 1. Let r be z(-1). Suppose -5*o + r = x*d, -582 = -2*d + 3*o - 5*o. What is the units digit of d?
9
Let n(j) = 3*j**3 + 5*j**2 - 21*j - 80. Let o be n(-6). Let f = o - -593. What is the tens digit of f?
7
Let y(d) = 1126*d**2 + 277*d - 830. What is the ten thousands digit of y(3)?
1
Let u(y) = 8899*y**2 + 169*y + 10. What is the tens digit of u(-2)?
6
Suppose 0 = -45*i + 209*i - 780148. What is the hundreds digit of i?
7
Let z = -162 + 175. What is the units digit of (-311)/(-4) + (117/(-12))/z?
7
Let r(i) = 3*i + 64. Let j be r(-17). Suppose 7*m + 330 = j*m. What is the tens digit of m?
5
What is the hundreds digit of (-4)/7 - 14/(-196)*54734?
9
What is the tens digit of (-12 + 8 - 6) + 3807?
9
Suppose 0 = -m - 0*m + 174. Suppose -10*l + 6*l + 2*g + m = 0, 216 = 5*l - 4*g. What is the units digit of l?
4
What is the hundreds digit of 20/40 - (-112456)/16?
0
Suppose 28*k = 33 + 51. Suppose k*a + 186 - 4326 = 0. What is the tens digit of a?
8
What is the thousands digit of (-4)/(-118) - (-32904222)/2301?
4
Suppose -s + t = 5, 5*s + 21 = 3*t - 2*t. Let a be ((0 - -2)/(-2))/(s/12). Suppose 0 = -2*b + 2*j + 168, -108 - 136 = -a*b - j. What is the tens digit of b?
8
Let d = 39911 + -33422. What is the units digit of d?
9
Let x(o) = -49*o - 24. Let l(j) = -j**2 + j + 34. Let b be l(-6). What is the tens digit of x(b)?
6
Let a(p) = -25*p**2 + 6*p - 58. Let h(g) = -9*g**2 + 2*g - 18. Let j(s) = -4*a(s) + 11*h(s). Suppose -3 - 57 = -4*v. What is the tens digit of j(v)?
2
Let b(p) = 2*p**3 + 107*p**2 - 16*p - 103. What is the thousands digit of b(-52)?
8
Suppose 0 = 6*u - 165326 - 220. What is the thousands digit of u?
7
Let y(p) = 2*p + 4 - 5*p**2 - 2*p**2 - 3*p**2 - 4*p**3 + 5*p**3. Let g be y(9). What is the tens digit of (g/(-3))/((-2)/(-6))?
5
Suppose 25*n + 40 = 30*n. Let x = 12 - n. Suppose -x*b + 8 = 4. What is the units digit of b?
1
Suppose -32*b + 3848 + 2068 - 636 = 0. What is the tens digit of b?
6
Let z(n) = 10*n**3 - 11*n**2 + 32*n - 211. What is the units digit of z(10)?
9
Let x = 187 + 11. Let j = 70 - 70. Suppose 4*r + o - x = j, o = -0*r + 5*r - 252. What is the tens digit of r?
5
What is the tens digit of 982/(-6)*(-19 + 7/21*12)?
5
Suppose 196492 = 71*g + 51226. What is the hundreds digit of g?
0
Let g(h) = 39*h - 308. Let v be g(57). Suppose 6*a - 2941 = -v. What is the units digit of a?
1
Suppose 0 = -4*k - 2*t + 7*t + 2857, 2*t - 2822 = -4*k. Let z = k + -113. What is the tens digit of z?
9
Suppose 0 = -3*m - 3*p + 39, -2*m + 4*p + 52 = 2*m. Let t be (6/9)/(4/354). Suppose t = m*k - 12*k. What is the units digit of k?
9
Let t be (-54*(-3)/6)/((-3)/(-24)). Suppose 42*a = 44*a - t. What is the units digit of -1 - ((-2)/4)/(6/a)?
8
Suppose 5*c + 27 = 14*c. Suppose 2*s - 17 = c. Suppose s*p - 14*p + 552 = 0. What is the hundreds digit of p?
1
Suppose -36*m = -33*m - 3111. Suppose -2*k + m = -3*j, -2*k - 4*j + 2604 = 3*k. Suppose k = 6*o - o. What is the units digit of o?
4
Suppose -19 = 8*c + 29. What is the hundreds digit of (-2559)/c - (-12)/(-24)?
4
Suppose -271*k + 95*k = -141328. What is the tens digit of k?
0
Suppose 5*u + 5*n + 495 = 0, -4*u - 99 = -3*u - 2*n. What is the units digit of (-17039)/u + (2 - 57/27)?
2
Suppose -5*o - 212 = -5*y + 408, y - 5*o = 136. Suppose 49*i - 16720 = -6*i. Let p = i - y. What is the hundreds digit of p?
1
Let s = 54082 - 32441. What is the thousands digit of s?
1
Let s(f) = f**3 + 9*f**2 + f - 8. Suppose -2*z + 5 = 33. Let a be (5/10)/(1/z). What is the tens digit of s(a)?
8
Suppose 0*r - 2*r - u = -106616, -3*u = 12. What is the hundreds digit of r?
3
Let s(u) = u**3 + 23*u**2 - 13*u - 36. Suppose 2*f + 8 = -38. What is the units digit of s(f)?
3
Let l = -6320 - -6325. Suppose -11 = -2*t - 0*j - j, -5 = -2*t + 5*j. Suppose -3*c - 153 = -t*c - l*h, 5*h + 143 = 2*c. What is the units digit of c?
4
Let h(i) = 3*i**3 - i**2 - 4*i - 2. Suppose 2 = -16*r + 17*r. Suppose -r*l = v - 5*v - 4, 0 = 5*l + 5*v - 25. What is the hundreds digit of h(l)?
1
Suppose 10 = -5*p + 30. Let q be (0 + 22)*(-1)/p*-2. Let m(o) = 7*o - 23. What is the units digit of m(q)?
4
Suppose -19*v - 4*v = -483. Suppose -264 = -v*b + 15*b. What is the units digit of b?
4
Let m = -475 + 2349. Suppose 4*q - 7605 = -c - m, 2*c - 6 = 0. What is the units digit of q?
2
Let b(o) = -1257*o - 2272. What is the units digit of b(-17)?
7
Suppose 9 = 15*t - 11*t + m, 4*t - 10 = -2*m. Let w(y) = y - 3 - y**2 + y + 0 + 19*y**3. What is the units digit of w(t)?
9
What is the hundreds digit of (-1)/((-2 - 4)/42) + -10 - -18472?
4
Let y = 9559 + 12699. What is the thousands digit of y?
2
Let j(d) = 5*d + 23. Let h be j(0). Let s(i) = -i**3 + 6*i**2 + 9*i - 15. Let n be s(7). What is the tens digit of (h - 1*n)*160/128?
3
Let d = 347 + -50. Suppose -4*n + 1098 = -3*w + w, 0 = n - 5*w - d. What is the hundreds digit of n?
2
What is the units digit of 210/2*76/9*(-924)/(-55)?
6
Suppose -4*c - 4012*p + 165888 = -4013*p, 82934 = 2*c + 2*p. What is the ten thousands digit of c?
4
Suppose -79362 = 8*u - 300458. What is the units digit of u?
7
Let c = -23 + 27. Let a be (((-3)/c)/3)/((-2)/56). Let w(k) = -k**3 + 8*k**2 + 2*k - 9. What is the tens digit of w(a)?
5
What is the units digit of (1812*6/21)/((-2)/(-1 + -13))?
4
Let m be (-18)/72 + (-17577)/(-4). Suppose -i - 4*n + 857 = 0, 4*i + 3*n + 992 - m = 0. What is the tens digit of i?
4
Let o = 1001 + -379. Suppose -o = 2*n - 3*n + 4*k, 4*n - 4*k = 2488. What is the tens digit of n?
2
Let x = 57072 + -38060. What is the tens digit of x?
1
Let x(c) = 3*c**2 - 2*c + 6. Suppose 3*d + 300 = -3*u, -464 = 5*u - 0*u - 4*d. Let y be 3/8 + (-828)/u. What is the hundreds digit of x(y)?
2
Let g(q) = 36*q**3 + 7*q**2 + 13*q + 14. Let z be g(-3). Let h = 1567 + z. What is the hundreds digit of h?
6
Let h(w) = 4*w**2 - 3*w + 5. Let n be h(4). Suppose 831 - n = 6*r. What is the units digit of (r/(-15))/((-1)/5)?
3
Suppose -3*r = -5*f + 97, 4*f - r = -5*r + 84. Suppose -5*v + 4*g - 25 = -0, -2*g - f = 4*v. What is the tens digit of (-2)/v - (459/(-5))/3?
3
Let h(i) = i**2 - i + 8. Let o be h(-3). Suppose 0 = -3*q - 2*c + 123, 2*c - 162 = -4*q - 0*c. What is the units digit of q - 8/(o/5)?
7
Suppose -g + 3*j = -46 - 46, g = 5*j + 90. Suppose -3*a - 5*h + 1 = -0*a, -2*h - 8 = -3*a. Wh